 the greatest common factor of 18 and j.
2
Let p be 75/50 + 270/4. What is the greatest common factor of 115 and p?
23
Let t = 38 - 16. Suppose -3*m = -2*y - 390, -4*y + 6 = -6. Suppose 2*x - m = -22. Calculate the highest common divisor of t and x.
11
Let j = -1 - -16. Let l(s) = s + 1. Let f be l(-3). Let v be 4/((-12)/j)*f. What is the greatest common factor of v and 30?
10
Let g = 3 - 3. Suppose -z + 0 + 5 = g. Suppose 5*v - 2*u - 40 = 0, u + 4*u + 55 = z*v. Calculate the highest common divisor of 15 and v.
3
Suppose 2*i = -i + 9. Let u be ((-26)/i)/((-3)/9). Calculate the greatest common divisor of u and 13.
13
Suppose 0 = -b + 2*b + 25. Let t be (-10)/(-3)*(-420)/b. What is the highest common divisor of 14 and t?
14
Suppose 0 = -z - 18 + 64. Suppose -2*m - 4*u + z = 0, 0 = -3*m - 4*u + 58 + 15. Let s be m - (4 + -1 - 0). What is the greatest common divisor of 12 and s?
12
Let l = 14 - 34. Let z be l/(-5)*(-22)/(-4). Calculate the highest common factor of z and 11.
11
Suppose 8*w - 90 = -2*w. Let y = 7 + 2. Calculate the highest common factor of w and y.
9
Suppose -4*m = -4*d + d - 927, -4*m = 3*d - 921. What is the greatest common factor of 33 and m?
33
Let t = 1170 - 772. Let u be t/6 - 1/3. Let n be (7 - (-2 - -3))*1. What is the greatest common divisor of n and u?
6
Let d be 1/(3/15)*1. Let p = d - -1. Suppose 0 = 2*l - p*l + 484. What is the highest common divisor of 11 and l?
11
Suppose 39 = -3*u + 9. Let c be u/65 - 236/(-13). Calculate the highest common factor of c and 12.
6
Let k be (-3)/(36/(-8))*-3. Let z be ((-318)/2 + -3)/k. What is the highest common factor of z and 9?
9
Let z(v) be the first derivative of -v**2 + 9*v + 3. Let g be z(0). What is the highest common factor of g and 27?
9
Let j be 2 + 0 + -2 - -4. Let u be 20*(15/(-6) - -3). What is the highest common factor of u and j?
2
Suppose 1 - 5 = -3*u - 5*z, 4*z = -3*u + 2. Let n be 4/(-2)*(-5)/2. Let t be u/n - (-37)/5. What is the highest common factor of 1 and t?
1
Suppose -4*o - 2*y + 68 = -0*y, 2*y + 68 = 4*o. What is the greatest common divisor of o and 85?
17
Let o = 247 + -183. Let b = -22 - -16. Let p = 2 - b. What is the greatest common divisor of o and p?
8
Let m = 141 - 53. Calculate the highest common divisor of m and 22.
22
Suppose f + 13 = 4*w, 3*f + w = -0*w + 13. Suppose -f*h + 47 = 5*b, 0 = -3*h + 5*b + 46 - 9. Calculate the greatest common divisor of h and 42.
14
Let z = 10 + 2. Let k be 2*15/6 - 2. Calculate the greatest common factor of k and z.
3
Suppose -3*s - 20 + 68 = 0. What is the greatest common factor of s and 40?
8
Let d(y) = -y**2 - 7*y + 1. Let p be d(-5). Calculate the highest common factor of p and 88.
11
Let v = 11 + 117. Suppose 5*o - 6 = 74. What is the greatest common factor of v and o?
16
Suppose 0 = -3*p + 16 + 152. Let l = 82 - p. What is the highest common divisor of l and 208?
26
Let r(n) = 44*n - 2. Let m be r(2). Let w be m/6 - 6/(-9). Calculate the highest common divisor of 6 and w.
3
Let h be 1 - (-116 + 1 + -4). What is the highest common factor of 30 and h?
30
Let s(u) = -u**3 + 7*u**2 + 12*u - 1. Let c be s(8). Calculate the greatest common divisor of 62 and c.
31
Let c = 4 - 2. Let f = 9 - c. Suppose -l = -2*l - 5*v - 13, 0 = 5*l + 2*v - 27. What is the highest common factor of l and f?
7
Let d = 15 + -7. Let u(q) = 14*q - 4. Let m be u(d). What is the highest common divisor of m and 12?
12
Let a = 14 - 10. Suppose a*w - 3 = 13. Let h be 4*(6/w + 1). What is the greatest common factor of 10 and h?
10
Let v(q) = -8*q + q**2 + q**2 - 8*q - 3*q**2 + 6. Let y be v(-15). What is the highest common factor of y and 14?
7
Let w(o) = -o**3 - 2*o**2 + 3*o - 1. Let g be w(-3). Let f be 1 + ((-3)/g - 5). Let d be 2*f*(-21)/6. What is the highest common divisor of 28 and d?
7
Let y be -1 + -1 + 0 + -1. Let j be (23 - 1) + (y - 0). Calculate the highest common factor of 133 and j.
19
Let i = -1 - -3. Let m be (-10)/(-50) - 78/(-10). Calculate the highest common divisor of m and i.
2
Suppose h + 6 - 8 = 0. Let p be 3 + (h - -2*11). Calculate the greatest common factor of 9 and p.
9
Let y be (5 - 4) + 1 + 0. Suppose g - 4*b = 23, -5*b - 40 = -7*g + y*g. Calculate the greatest common factor of g and 27.
3
Let x be -2 - (0 - (-20)/2). Let s be (-32)/x + 2/6. Suppose 0 = -0*w + s*w - 135. What is the greatest common factor of w and 9?
9
Suppose 3*g = -2 - 19. Let y(x) = x**2 + 7*x. Let p be y(g). Suppose p*o + 27 = o. Calculate the greatest common divisor of o and 3.
3
Let i be (2/4)/(1/48). What is the highest common divisor of 6 and i?
6
Let a(f) = -f**2 - 10*f + 11. Let s be a(-9). Let j = s + -9. Calculate the greatest common divisor of 11 and j.
11
Let c be -9 - 2*(-1)/(-2). Let f = c + 25. Let w be (129 - (-2 - 2)) + 2. Calculate the greatest common factor of w and f.
15
Let m = -8 + 10. Suppose m*l = -k + l + 4, 5*k + l = 4. Suppose 4*d + k - 12 = 0. Calculate the greatest common factor of d and 3.
3
Suppose 4*l - 3 - 5 = 0. Let y(r) = 2*r**l - r**2 - 4*r**2 + 5*r**3. Let a be y(3). What is the greatest common divisor of a and 12?
12
Suppose -3*z = o - 6*z - 16, -3*z = 4*o - 4. Calculate the greatest common divisor of 12 and o.
4
Let k be 54/(-12)*8/(-3). Calculate the greatest common divisor of 4 and k.
4
Let r(s) = s**2 + 3*s - 1. Let t be r(-4). Suppose 0 = 3*h - 0*h + t*v - 15, 31 = 3*h - v. What is the greatest common divisor of 72 and h?
9
Let n(v) be the third derivative of 0*v + 2*v**2 + 5/8*v**4 - 4/3*v**3 + 0 - 1/60*v**5. Let g be n(8). Calculate the highest common factor of 8 and g.
8
Let g = 2 - 2. Let a be (-1)/3*g - -17. Calculate the greatest common factor of 119 and a.
17
Suppose 2 = -b + 6. Let j be (4 - b) + 1*14. Calculate the highest common factor of 28 and j.
14
Let f = 3 - -2. Suppose -80 = -f*s + 120. What is the greatest common factor of s and 10?
10
Let n(q) = -q**2 + 7*q + 5. Let b be n(5). Let h be 25/(-2)*(-24)/5. What is the highest common divisor of b and h?
15
Let f = 60 + 15. What is the greatest common divisor of f and 30?
15
Let m = 8 + -12. Let v be (-6)/(m/((-16)/(-6))). Calculate the highest common factor of 28 and v.
4
Let w be (-1)/(2 - (-14)/(-6)). Suppose -5*q = b + 1 - 32, 2*b - 3*q = -w. Calculate the highest common divisor of 6 and b.
6
Let b be (3 + (0 - 3))/(-2). Suppose -3*d = -b*d - 9. What is the highest common divisor of d and 15?
3
Suppose 5*u = 3*d + 86 - 12, 2*u - 29 = d. Let j(h) = 3*h**2 - 3*h + 5. Let y be j(4). Suppose 3*v - y = -2. Calculate the greatest common divisor of u and v.
13
Suppose 3*a - 4*b = 46, 3*b + 37 = a + 6*b. Suppose 0*m + 3*m = 495. Suppose 0*u - 3*u + m = 0. Calculate the highest common factor of u and a.
11
Let h = -41 + 300. Let w = -173 + h. Suppose -4*p + w - 34 = 0. What is the greatest common factor of p and 91?
13
Suppose -8*y - 462 = -30*y. What is the greatest common divisor of y and 7?
7
Suppose 4*k = 5*r - 96, 0 = k - 1. Calculate the greatest common divisor of 40 and r.
20
Suppose 5*u = -3*h + 35, -3*h = -4*u - 0 + 1. Suppose b - 2 = 0, 13 = 2*z - b - 65. What is the greatest common divisor of h and z?
5
Let z = -60 - -100. Calculate the highest common factor of z and 60.
20
Let c = 16 + -35. Let r = -11 - c. Suppose 7 = 4*y - 25. What is the highest common factor of r and y?
8
Let m = 610 + -415. Calculate the highest common factor of m and 15.
15
Let j = -1 - -7. Suppose 0 = q + 2*q. Suppose q = 2*b - 3*h - 15, -2*h = -4*h + 6. Calculate the greatest common divisor of j and b.
6
Let n be (36/(-5))/(11/(-55)). Calculate the greatest common factor of n and 90.
18
Let n be 28/(-3)*3 - -2. Let j = -21 - n. What is the highest common divisor of j and 25?
5
Suppose 13*b - 60 = 8*b. Calculate the highest common divisor of b and 48.
12
Let o be (-4)/(-2) + 0/5. Suppose 3*s = -5 + o. Let l be (s + -3)*1*-9. Calculate the highest common factor of l and 9.
9
Let p(n) = 24*n - 12. Let o be p(5). Calculate the greatest common divisor of 12 and o.
12
Let k = 64 + -57. What is the greatest common factor of 84 and k?
7
Suppose -r + 27 = 4*u, 2*r + 0*r - 2*u = 14. Suppose -37 - r = -4*c. Let l(q) = 7*q**2 + 2*q - 2. Let m be l(2). What is the greatest common divisor of m and c?
6
Let f(o) be the third derivative of -o**6/120 - 2*o**5/15 + o**4/4 - 3*o*